*h + 3*b - 25, -3*h + m*b - 7 - 8 = 0. What is d(h)?
5
Let y(c) = 5*c**3 + 3*c**2 + c + 37. Let k(j) = j**3 - j**2 - j + 6. Let d(q) = -6*k(q) + y(q). Determine d(8).
121
Let h(k) = -2*k**3 - k**2 + 3*k + 1. Let t(m) = -m**3 + m**2 - 7. Suppose 11*j - b - 10 = 8*j, 1 = -b. Let l be t(j). Let v = 23 + l. What is h(v)?
7
Let z(t) be the first derivative of 280 + t - 1/3*t**3 + 1/4*t**4 - t**2. Let c = 2 + -4. Give z(c).
-7
Let v = -112 - -111. Let a be ((-1)/v)/(3 - 22/8). Let c(f) = 4 - 5*f + f**2 - 1 + f**2. Give c(a).
15
Let f(z) = -3*z**2 - 5*z + 36. Let v be (14 + -23)/(-4*(-4)/((-48)/9)). Calculate f(v).
-6
Let z be ((-30)/(10320/43))/(1/(-2)). Let w(i) be the first derivative of 0*i**2 - z*i**4 - 3*i - 4/3*i**3 - 14. Determine w(-4).
-3
Let p(w) be the third derivative of 0 - 12*w**2 - w - 1/60*w**5 + 1/6*w**3 + 7/24*w**4. What is p(3)?
13
Let l(r) = 7*r**2 - 3*r - 3. Suppose -8 - 2 = -2*i. Let n(q) = -3*q**2 + 2*q + 1. Let o(m) = i*n(m) + 2*l(m). Let h be ((-4)/6)/((-170)/1275). Give o(h).
-6
Let a be (-40)/(-18) - (-6)/(-27). Let q(r) be the third derivative of r**5/15 + r**4/6 - r**3/2 + 15*r**2 + 11. Give q(a).
21
Let c(h) = -6 + 4449*h + h**3 + 4457*h - 8919*h - 7*h**2 + 16. Give c(8).
-30
Suppose 5*o - 2*p = -0*o + 259, 2*o - 2*p - 106 = 0. Let a(v) = -o*v + v**3 - 56*v - 1 + 2*v**2 + 110*v. What is a(-3)?
-19
Let h(m) = m**3 - 4*m**2 - 6*m**2 - 36*m + 4 + 32*m + 4*m. Give h(10).
4
Let l(x) = -3 - 1921*x + 957*x + 961*x + 3*x**3 - 2*x**3. Suppose 0*k = -3*k - 6. Calculate l(k).
-5
Let n(g) be the third derivative of -1/12*g**4 + 1/30*g**5 - 42*g**2 + 1/24*g**6 + 1/6*g**3 + 0*g + 0. Suppose -3*k = -k - 2. Determine n(k).
6
Let d(i) be the second derivative of 7*i**3/6 + 69*i**2/2 - 24*i - 126. What is d(-13)?
-22
Let a(c) = 2*c**2 + 88*c - 269. Let m be a(3). Let p(y) = 0*y**3 - 13 + 9*y**3 - 10*y**3 + 12*y**2 + 14*y. What is p(m)?
0
Let u(y) = 4*y + 96 - y - 50 - 17*y - 2*y**2 - 44. Give u(-7).
2
Let w(l) be the third derivative of l**5/60 - l**4/4 + 41*l**3/6 + 10*l**2 + 71*l. Determine w(8).
57
Let y = 385 - 211. Suppose y = -0*z + 3*z. Let m(q) = 116*q - z*q - 2 - 55*q. Calculate m(-2).
-8
Let c(m) = m**2 + 6*m + 3. Suppose -x + 15 = 3*o, 5*x - 31 - 12 = o. Suppose 0 = x*l - 36 - 9. Let w be ((-2)/l)/(5/75). Calculate c(w).
3
Let u(b) be the second derivative of b**6/120 - b**5/60 + 91*b**2/2 - b + 62. Let j(r) be the first derivative of u(r). Calculate j(1).
0
Let o(z) = 13*z**2 + z. Suppose -54*i = -114*i - 0 - 60. What is o(i)?
12
Let h be (99/396)/(1/(-28)). Let o(v) = -7*v - 19. Give o(h).
30
Let g(l) = l**2 + 10*l - 103. Let a(n) = 3*n**3 - 37*n**2 - 25*n - 7. Let q be a(13). Let i be g(q). Let y(h) = -h**3 - 8*h**2 - 6*h + 16. Determine y(i).
9
Let r(t) be the third derivative of -t**6/60 + t**5/12 - t**4/8 - 3*t**3/2 - 2917*t**2. What is r(4)?
-69
Let r = -392 - -393. Let h(m) = -r + 4 - 3903*m + 3901*m - m**2. What is h(2)?
-5
Let h(j) be the second derivative of -j**5/20 - 5*j**4/12 - 41*j**3/6 - 103*j**2 - 119*j + 5. Determine h(-5).
-1
Let q(w) = 4*w + 111. Let b(x) = 6*x + 168. Let r(n) = -5*b(n) + 8*q(n). What is r(-7)?
34
Let v = -2462 + 2452. Let i(w) = 8*w + 55. Determine i(v).
-25
Let n(y) = -27*y**2 - 133*y + 20. Let b be n(-5). Let c(i) = -i**2 + 7*i + 8. Give c(b).
-22
Suppose -p = -4*p - 39. Let y(g) be the first derivative of -6*g**2 + 1/4*g**4 + 4*g**3 + 12*g - 53. Calculate y(p).
-1
Let t(p) = 7*p**2 + 9*p. Let a = -3206 - -3202. Calculate t(a).
76
Let d(q) = q**3 + q**2 - 5*q - 3. Let u(m) = -2*m + 26. Let s be u(11). Suppose 0 = 3*i - 8*i + 3*r + 18, -14 = -s*i + 2*r. Suppose -i*n - n = 12. Give d(n).
-6
Let y(p) = 6*p - 3. Let u(o) = 5*o - 3. Let v(w) = 3*u(w) - 2*y(w). Suppose 23 = s + 41. Let j be ((s/(-7))/3)/((-11)/77). Calculate v(j).
-21
Let b(g) = g**2 - 11*g + 10. Suppose -t + 34*v = 32*v + 1, 5*t = -2*v + 7. Suppose 12 = -k + 4*k. Suppose 3*s + 4*m = 37, -3*s + 4 = -k*m - t. What is b(s)?
-18
Let f(l) = 18*l**3 + l - 1. Let j be f(1). Suppose 11*u + 15 = -j. Let p(w) = -3*w - 4. Calculate p(u).
5
Let m(x) = -8*x**2 + 35*x. Let q be m(3). Let o(w) = 2*w**2 - 69*w + 91. Calculate o(q).
-8
Let u(p) be the second derivative of -p**4/12 - p**3/3 - 11*p**2/2 - 1865*p. Calculate u(8).
-91
Let k(y) = 123*y**2 - y + 8. Let j(q) = -125*q**2 + q - 10. Let m(r) = 3*j(r) + 4*k(r). Determine m(1).
118
Let q(t) = t**3 - t**2 + 1. Let l(j) = -2*j**3 + 9*j**2 - 7*j + 3. Let f(z) = l(z) + 3*q(z). Let b = -233 - 71. Let v = -311 - b. What is f(v)?
6
Let a(x) be the first derivative of -x**3/3 - 7*x**2/2 - 5*x + 21. Suppose 0*t - t = r + 1, -20 = -4*r. Calculate a(t).
1
Let u(n) = -9 + 8*n + 1 + 4*n - n**2 + 24 - 4*n. Give u(-2).
-4
Let k(r) = -2*r**3 + r**2 + 2*r - 1. Let g(q) = q**3 - 4*q**2 - 16*q + 21. Let z be g(6). Let o(x) = -2*x**2 - 5*x + 5. Let b be o(z). Give k(b).
-9
Let h(z) = -18*z - 73. Let y(n) = 16*n + 65. Let r(f) = 5*h(f) + 6*y(f). Calculate r(-6).
-11
Let y(o) be the second derivative of -1/3*o**3 + 2*o**2 + 2*o + 0. Determine y(-5).
14
Let j(r) = -36*r**2 + 3*r + 13. Let h(p) = 29*p**2 - 2*p - 14. Let v(l) = -5*h(l) - 4*j(l). What is v(3)?
3
Suppose 5*d + 5*l + 10 = 0, 2*d + 2*d + 3*l = -3. Suppose 3*q = 2*y + d*y + 38, 0 = -q + 1. Let z(i) = -8 - i**3 - 2 + 1 - 7*i**2. Determine z(y).
-9
Let i(j) = -25*j + 77. Let o be i(3). Let t(a) = 7*a**2 + 42*a + 263 - 28*a - 4*a**o - 260. Determine t(-5).
8
Let s(t) = -35*t - 270. Let v(w) = 3*w + 20. Let c(h) = 2*s(h) + 25*v(h). Determine c(6).
-10
Let w(d) = -d + 1. Let n(o) = o**2 - 3*o - 65. Let y be n(-7). Let x(j) = -j**2 - 10*j + 5. Let u(s) = y*w(s) - x(s). Calculate u(-3).
-6
Let k(q) = -q**2 - 12*q + 3. Suppose -4*b + a = -15, 8*b - 10 = 6*b - 2*a. Let d be 8*(b + (-66)/12). Determine k(d).
3
Let z(n) = 30*n + 14. Let r be z(2). Let p(m) = 10 + r*m**2 - 73*m**2 + 2 - 12*m - 2. Determine p(12).
10
Let p(g) = 75*g + 87. Let c(t) = 9*t + 11. Suppose 0 = 22*w - 38*w - 64. Let q(r) = w*p(r) + 33*c(r). What is q(7)?
-6
Suppose -24*p = 39*p - 23688. Suppose -6*v + 382 = p. Let g(l) = 13*l**2 + 1. Determine g(v).
14
Let r(h) be the first derivative of -h**2/2 - 3*h - 371. Give r(3).
-6
Let a(u) = 19*u**2 + 8*u + 7. Let x be a(-4). Suppose 32*m - x + 55 = 0. Let y(w) = w**3 - 7*w**2 - 2*w + 6. What is y(m)?
-8
Let g(a) = 1378*a + 1385*a - 2764*a - 7. Give g(-3).
-4
Let f(g) = 18*g + 104. Let l be (-4)/((-476)/(-51)) - (25/(-7))/(-1). Calculate f(l).
32
Let y(v) = 4*v - 15. Let f = -382 - -367. Let n be ((-75)/(-20))/(f/(-20)). Calculate y(n).
5
Let g(v) = -9*v**2 + 11*v**2 - v**3 + 4851 - v - 4853. Suppose 3*a + 0 + 16 = 2*n, -5*a + n - 15 = 0. Calculate g(a).
16
Let z(r) = r - 7. Let w(k) = -34 + k**2 - 16 + 18*k - 73 + 0*k**2 - 34*k. Let b be w(22). Give z(b).
2
Let r(t) be the third derivative of t**4/24 - 5*t**3/6 + 4358*t**2. Calculate r(10).
5
Let g be -3 + (-28)/(-12)*3. Let v(a) = -a + 2*a - g*a - 2 - 2. Let n(i) = -8*i + 19. Let l be n(2). Determine v(l).
-13
Let d(v) be the second derivative of -v**3/2 - 39*v**2/2 - 3*v - 4. Let p be d(-14). Let a(t) = -t + 4. What is a(p)?
1
Let z(v) be the second derivative of v**3 - 10*v**2 - 3103*v. Calculate z(7).
22
Let v(n) = n + 4. Suppose -298*z - 28 = -291*z. Give v(z).
0
Let z(l) = -11*l - 7. Let n(u) = -23*u - 14. Let k(o) = -3*n(o) + 7*z(o). Suppose 1863 = 2*h + 1867. Determine k(h).
9
Let t(l) = -l**3 + 12*l**2 - 16*l + 52. Let g be t(11). Let k(o) = o**3 + 3 + o**2 - o + 2*o - 3*o. Calculate k(g).
-9
Let f(y) = 8*y - 1. Let w(i) = -3*i + 1. Let l(t) = -2*f(t) - 5*w(t). Suppose -2*q - 1 - 6 = -5*d, -4*d = -3*q - 7. What is l(q)?
-2
Let h(l) = 2*l**3 + 4*l**2. Let r(x) = x**2 + 39*x + 72. Let u be r(-36). Let q = 33 + u. Calculate h(q).
-18
Let s(b) = 2052 - 2105 - 347*b + 343*b. Give s(-13).
-1
Let y = 385140 + -385134. Let p(a) = -4*a**3 + 7*a**2 - 8*a - 7. Let x(b) = 3*b**3 - 7*b**2 + 7*b + 7. Let g(t) = 2*p(t) + 3*x(t). What is g(y)?
1
Let i(o) = -5*o**2 + 3*o + 4. Suppose 42*b - 46*b - x + 16 = 0, 25 = 3*b + 4*x. Determine i(b).
-32
Let n = -22717 - -22714. Let p(x) = -2*x**2 + 6*x + 20. Calculate p(n).
-16
Suppose -25 + 37 = -4*p. Let a be 3/((-12)/(-80)) - (-3 - p). Suppose -3*n - 3*i + 1 = 7, 0 = -5*i + a. Let c(y) = -3*y + 7. Determine c(n).
25
Let q(m) = 1174*m + 42. Let b(l) = 18